c(j) - 6*o(j). What is z(s)?
5
Suppose 0 = -n + l + 8 + 1, -2*n - 4*l = 0. Let m(c) = -7 + 7 + n*c. Suppose -2 + 5 = -3*s. What is m(s)?
-6
Let d(i) = -i**3 + 7*i**2 - 4*i - 6. Suppose p = -2*p. Let u = p + 6. What is d(u)?
6
Let i be 2/(-12) + 119/(-42). Let d(o) = -6*o + 4. Let v(q) = -7*q + 4. Let j(r) = -6*d(r) + 5*v(r). What is j(i)?
-7
Let i = -17 - -20. Let g(l) be the second derivative of l**4/12 - 2*l**3/3 + 2*l**2 - 2*l. Calculate g(i).
1
Let t = -5 + 9. Let i be (-8)/14*(-14)/t. Let y(h) = h**3 + h**2 - 2*h. What is y(i)?
8
Let b(c) = 3*c + 1. Let j be 2/(-5) + 48/20. Suppose 0 = 3*i + j*v - 7, 4*i + 19 = -3*v + 6*v. Determine b(i).
-2
Let b(x) = 5*x**2 - 2*x**3 + 0*x + 2*x - 4 + 2*x + 3*x**3. Determine b(-4).
-4
Suppose s = -2 - 3. Let j(a) = -6*a**2 - 9*a + 3. Let q(b) = 7*b**2 + 10*b - 4. Let m(c) = s*q(c) - 6*j(c). Give m(-5).
7
Let f be (4/6)/(6/45). Let y(s) = 2 - s**2 - f*s - 1 + 2 + 1. Give y(-5).
4
Let t(p) = 2*p + 1. Let b be t(-1). Let x(l) = -5*l**2 - 3. Let q(m) = -14*m**2 - 8. Let f(n) = 4*q(n) - 11*x(n). Determine f(b).
0
Let i(v) = 67 - 2*v + v**2 + 8*v - 69. Calculate i(-5).
-7
Let l(y) be the first derivative of y**4/4 + 5*y**3/3 + y**2 - 3*y + 2. Give l(-4).
5
Let u(j) be the third derivative of j**5/60 + j**4/4 - j**3/6 - 7*j**2. Give u(-6).
-1
Let m(i) be the first derivative of -i**2/2 + 2*i + 1. Let z = -1 + 2. Let s = z - -3. Calculate m(s).
-2
Let j(w) be the third derivative of -w**6/120 + w**4/24 + 6*w**2. Determine j(0).
0
Let q be 2/(3 - (-21)/(-9)). Let m(k) = -k**2 + 2*k**3 - k + 1 + 7*k**3 - 3*k**q - 5*k**3. What is m(2)?
3
Suppose 3*l = 2*y + 3*y + 1, 0 = -4*l - 12. Let q(u) = u + 1. Let k(w) = -4*w - 4. Let b(g) = y*k(g) - 9*q(g). Calculate b(4).
-5
Let m(h) = -h**2 + 8*h - 10. Let x(p) = -p**2 + 8*p - 9. Let t(y) = 2*m(y) - 3*x(y). What is t(6)?
-5
Let p(l) be the third derivative of -l**4/24 + 17*l**3/6 + 4*l**2 + l. Give p(12).
5
Let v(w) be the first derivative of -2*w**2 + 6*w + 1. Let a = 3 + 1. Calculate v(a).
-10
Suppose 3*w - 5*g - 39 = -w, w = -2*g. Let a be 3/w + (-27)/(-2). Suppose a + 6 = -4*f. Let l(k) = -k**2 - 3*k + 4. Give l(f).
-6
Let o(r) = -2*r + 2. Let x(v) = -v + 2. Let i be x(0). Let s be i + 0 + 1 + 2. Determine o(s).
-8
Let v(o) = -2*o - 2. Let l be v(-2). Let a(u) = -142 + 4*u + 142. Determine a(l).
8
Let p(g) = -2*g**2 + g - 2 - g**3 - 3*g**2 + 1 - 2*g. Let y(m) = -3*m**3 - 11*m**2 - 3*m - 2. Let f(j) = -5*p(j) + 2*y(j). Determine f(2).
3
Let c(d) = 0*d + 5*d**2 - d**3 - 6*d + 2 + 0*d**3. Let x(j) = j**3 - 12*j**2 - 12*j - 9. Let a be x(13). Calculate c(a).
-6
Let g be (18/8)/((-1)/4). Let n(r) = r**3 - 3*r**2 + 3. Let a be n(3). Let l be 0 - -3*a/g. Let s(p) = -10*p**2 + 1. Calculate s(l).
-9
Let l = -6 + 10. Suppose 4*z = -3*f + 3 + 5, -2*f + 32 = -l*z. Let i = -9 + f. Let j(n) = -n**2 + 2*n + 1. Calculate j(i).
-2
Let t(l) = 3*l**2 - 9*l + 16. Let p(g) = g**2 - 5*g + 8. Let z(v) = -5*p(v) + 2*t(v). Calculate z(-8).
0
Let w(j) = 4 + 5 - 1 + j - 2. Let x be w(-9). Let d(o) = -o**3 - o**2 + 5*o + 2. Calculate d(x).
5
Let f = -64 - -66. Let t(s) = -s - 1. Calculate t(f).
-3
Let z(k) = k**2 - 6*k - 3. Let t(f) = f**3 - 8*f**2 - 10*f + 12. Let q be t(9). Suppose -4*x + 19 = s, -3*s = -x + q*x - 7. Give z(x).
-8
Let t(b) be the second derivative of -b**4/6 + b**2/2 - 3*b. Let w(n) = -4*n - 2. Let s(j) = 5*j + 1. Let d(c) = 5*s(c) + 6*w(c). Let m be d(6). Calculate t(m).
-1
Suppose -t + 12 = 2*t. Suppose 3 + 1 = -t*n. Let r = n - 1. Let x(d) = d**3 + d**2 - d. Give x(r).
-2
Let a(g) = -2 + 1 + g - 2*g. Suppose -5*z = 2*s - 21, 4*s + 5 = 5*z + 2. Give a(z).
-4
Let k(f) be the second derivative of 3*f + 0 - 7/2*f**2 - 1/3*f**3. Suppose -3*y + 8*y + 25 = 0. What is k(y)?
3
Let v(r) be the second derivative of r**4/12 + 2*r**3/3 + r**2/2 + 2*r. Suppose 0 = 4*m + i + 21, -4*m - i - 25 = m. Determine v(m).
1
Let v be 4 - (2 - 1) - 4. Let o(z) = 2*z**2 - 1. Let x be o(v). Let i(u) = -u + 0*u**2 + 0*u + 1 + 2*u**2. Give i(x).
2
Let k(z) be the third derivative of -z**4/12 + z**3/2 + 12*z**2. Calculate k(7).
-11
Suppose 4*s + 3 = -1. Let o(h) = 4*h - 5*h + 0*h - 1 - 7*h. Calculate o(s).
7
Suppose 2*u + 4*b + 4 - 16 = 0, 3*u - 4*b + 2 = 0. Suppose 14 + 0 = 2*i + 5*g, -4 = 2*i - 4*g. Let n(p) = -u*p**2 + p**2 + 2 - i - 1. Determine n(0).
-1
Let d(s) be the first derivative of s**3/3 + s**2/2 + 2*s - 3. Let n(m) = -3*m**2 - m - 5. Let b(t) = -5*d(t) - 2*n(t). Determine b(3).
0
Let t(h) = -h - 3*h + 4*h + 1 + 6*h**2. What is t(-1)?
7
Let z = 52 - 51. Let q(v) = 11*v**2 + 15*v. Let s(l) = -5*l**2 - 7*l. Let r(g) = -6*q(g) - 13*s(g). Determine r(z).
0
Suppose 4*g + 4 = -0. Let f be (-12)/(-10) + g/5. Let i(q) = 4*q - 1. Give i(f).
3
Let m(x) be the second derivative of x**4/4 - x**3/3 - 21*x. What is m(3)?
21
Let s(m) = -m**2 + 4*m + 3. Let x(v) = v**3 - v**2 - 6*v - 2. Let z be x(3). Determine s(z).
-9
Let w(n) = n**3 - 20*n**2 + 20*n - 17. Let j be w(19). Let m(h) = h**3 - h**2 - h + 2. Calculate m(j).
4
Let o(s) = -s - 2. Let h(v) = v - 1. Let c = 5 - 3. Suppose -c*z + 5 = -1. Let w be h(z). What is o(w)?
-4
Let i(n) = n**3 - 10*n**2 - 37*n - 20. Let r be i(13). Let z(y) = 3*y + 6*y - y**2 - 4 + 0*y. Give z(r).
14
Let v(g) be the first derivative of g**4/4 + 2*g**3/3 - g**2/2 + g - 2. What is v(-2)?
3
Suppose 6*w = n + w - 12, 0 = -3*n + 3*w. Let r(f) = 2*f + 4. Give r(n).
-2
Let g(w) be the second derivative of w**4/12 + w**3/6 - 9*w**2/2 - w. Let p be 20/(-35) + 104/(-14). Let o = p + 8. Give g(o).
-9
Suppose 3*y = -y + 12. Let a(u) = 2*u - y - 7*u**2 + 5 + 4 - 5. What is a(-1)?
-8
Let n(s) = -s**3 - 8*s**2 - 9*s - 10. Let y be n(-7). Let w be (-25)/(-10) - 2/y. Let v(p) = -p**3 + 0*p - 4 + 2*p**w + 4*p**2 - 3*p. What is v(5)?
6
Let v(t) = -t**3 - 15*t**2 - 15*t - 11. Let k be v(-14). Suppose k*z = -4*s - 9, -z = 2*z + 9. Let m(d) = -d**2 - d + 1. Give m(s).
1
Let x(l) = 1 + 0 - l - 5. Suppose w + 3*n - 7 = 0, -3*w + 8 = 5*n - 5. Let t = w + -3. Determine x(t).
-2
Let v(n) be the first derivative of n**3 - n**2 - n - 2. Calculate v(-1).
4
Let n(u) = -2*u - 3. Let w = -10 + 35. Suppose -4*j - j = w. Give n(j).
7
Let l be (7/(-2))/(-2 + 9/6). Let b(i) = -i**2 + 6*i + 1. Calculate b(l).
-6
Let i(w) = -w**3 - w**2 - 9. Let r be i(0). Let l(t) = -12*t + 41. Let u(a) = -3*a + 10. Let d(q) = r*u(q) + 2*l(q). What is d(6)?
10
Let k(l) = l**3 + 12*l**2 + 13*l + 16. Let z be k(-11). Let q(n) = -n**2 - 5*n - 4. Give q(z).
-10
Suppose -5*j - 10 = -0*j. Let p be (-12)/(-8)*j - 2. Let s(k) = k**2 + 7*k - 2. Determine s(p).
-12
Let d(t) = 120 + t**3 - t - 6*t**2 - 114 - 2*t**3 - 3*t. What is d(-5)?
1
Let n(z) = z**3 + 10*z**2 + 6*z + 5. Let i be n(-9). Let b(h) = 17*h + 16*h - i*h. What is b(-5)?
-5
Let v(q) be the third derivative of -q**7/840 + q**6/90 + q**5/20 - q**4/6 - q**3/3 - 3*q**2. Let d(a) be the first derivative of v(a). Give d(5).
1
Suppose 3*g = 4*n + 29, 5*n + 12 = 4*n - 4*g. Let y(f) = f**3 + 9*f**2 + 8*f + 6. Determine y(n).
6
Let c(p) be the first derivative of 1/24*p**4 - 1 + 0*p + 1/6*p**3 + 1/2*p**2. Let b(x) be the second derivative of c(x). What is b(0)?
1
Let k(m) = 2*m**3 + 7*m + 1. Let a(v) = 2*v**3 + v**2 + 8*v + 2. Let d(r) = -3*a(r) + 4*k(r). Determine d(2).
10
Let t be ((-2)/2)/(1/(-3)). Let m(u) = u - 1. Let a be m(t). Let f(k) = -4*k**2 + k**3 - k + 2*k**a - 4*k**3. Determine f(-1).
2
Let t(k) be the first derivative of -k**2/2 - 2*k + 3. Suppose -5 - 9 = r + 2*i, i + 13 = -2*r. Give t(r).
2
Let z(i) be the second derivative of i**3/6 + 3*i**2/2 - 11*i. Determine z(6).
9
Let k(l) be the second derivative of l**3/6 - 3*l. Let p be k(3). Let d(n) = -p*n + 10*n**2 - 3 - 8*n**2 + 0. Determine d(3).
6
Let b(g) be the first derivative of 0*g + 1/24*g**4 + 2/3*g**3 + 3/2*g**2 - 1/60*g**5 + 2. Let n(w) be the second derivative of b(w). Calculate n(-3).
-8
Let v(u) = 0 + 7 + 0*u**2 + u**2 + 5*u - 2. Give v(-6).
11
Suppose -3*q + 4*q - 1 = z, 0 = -2*z - 5*q - 23. Let a(i) = i**2 + 4*i + 2. Give a(z).
2
Let q be (2 - -2)/(-2) - -1. Let l = 1 + q. Suppose -a = -4, l = 2*k + k - a + 1. Let v(p) = 5*p. Determine v(k).
5
Suppose -3*w = 2*w + 15. Let g(q) = q + 6. Let z be g(w). Let y = 1 + z. Let r(d) = d**2 - 5*d - 2. Calculate r(y).
-6
Let v be -1 + -2 - (-5 - -2). Let p(l) = l*